{"id":1402,"date":"2021-11-03T08:14:35","date_gmt":"2021-11-03T08:14:35","guid":{"rendered":"https:\/\/dobrowolski.igf.edu.pl\/?page_id=1402"},"modified":"2021-11-03T09:04:36","modified_gmt":"2021-11-03T09:04:36","slug":"polityka-cookies","status":"publish","type":"page","link":"https:\/\/dobrowolski.igf.edu.pl\/?page_id=1402","title":{"rendered":"Polityka cookies"},"content":{"rendered":"<div class=\"cli_pg_page_contaner\">\n<h3>Polityka dotycz\u0105ca plik\u00f3w cookies<\/h3>\n<div>Polityka dotycz\u0105ca plik\u00f3w cookiesNiniejszy serwis\u00a0 nie zbiera w spos\u00f3b automatyczny \u017cadnych informacji, za wyj\u0105tkiem informacji zawartych w plikach cookies. Przez u\u017cywanie stron niniejszego serwisu wyra\u017casz zgod\u0119 na u\u017cywanie ciasteczek zgodnie z poni\u017csz\u0105 polityk\u0105.\u00a0 Je\u017celi nie zgadzasz si\u0119 na stosowanie cookies przez nasz serwis, powiniene\u015b zmieni\u0107 ustawienia swojej przegl\u0105darki w odpowiedni spos\u00f3b lub zrezygnowa\u0107 z u\u017cywania stron tej witryny.<\/div>\n<h3>Co to s\u0105 cookies?<\/h3>\n<div>Cookies to niewielkie pliki, zapisywane i przechowywane na komputerze, tablecie, smartphonie lub innym urz\u0105dzeniu ko\u0144cowym w momencie, gdy u\u017cytkownik odwiedza r\u00f3\u017cne strony w internecie. Cookie zazwyczaj zawiera: nazw\u0119 strony internetowej, z kt\u00f3rej pochodzi, \u201ed\u0142ugo\u015b\u0107 \u017cycia\u201d (czas jego istnienia), oraz wygenerowany losowo unikatowy numer s\u0142u\u017c\u0105cy do identyfikacji przegl\u0105darki, za po\u015brednictwem kt\u00f3rej nast\u0119puje po\u0142\u0105czenie ze stron\u0105 internetow\u0105.<\/div>\n<h3>Do czego u\u017cywane s\u0105 cookies?<\/h3>\n<div>W tej witrynie pliki cookies wykorzystywane s\u0105 do:utrzymania sesji u\u017cytkownika serwisu (po zalogowaniu), dzi\u0119ki czemu ponowne logowanie nie jest wymagane na ka\u017cdej podstronie serwisu,do zbierania anonimowych, zagregowanych statystyk, kt\u00f3re pozwalaj\u0105 zrozumie\u0107 tw\u00f3rcom tej witryny, jak u\u017cywane s\u0105\u00a0 strony serwisu i pomagaj\u0105 w poprawianiu ich funkcjonalno\u015bci i tre\u015bci,u\u0142atwienia korzystania z serwisu.<\/div>\n<h3>Jak d\u0142ugo przechowywane s\u0105 dane w cookies?<\/h3>\n<div>Na stronach serwisu\u00a0 u\u017cywane s\u0105 dwa rodzaje ciasteczek:sesyjne \u2013 pozostaj\u0105 na urz\u0105dzeniu ko\u0144cowym u\u017cytkownika do zako\u0144czenia sesji w serwisie,sta\u0142e \u2013 pozostaj\u0105 na urz\u0105dzeniu u\u017cytkownika do momentu ich usuni\u0119cia lub do zako\u0144czenia ich czasu \u017cycia.<\/div>\n<h3>Typy cookies wykorzystywane w ramach serwisu<\/h3>\n<div>Typ\u00a0Do czego jest wykorzystywane?niezb\u0119dnezapewniaj\u0105 poprawne funkcjonowanie stron serwisuwydajno\u015bciowezbieraj\u0105 informacje o sposobie u\u017cytkowania stron serwisufunkcjonalnezapami\u0119tuj\u0105 ustawienia i personalizacj\u0119 interfejsu u\u017cytkownika, np. j\u0119zyka strony<\/div>\n<\/div>\n","protected":false},"excerpt":{"rendered":"<p>Polityka dotycz\u0105ca plik\u00f3w cookies Polityka dotycz\u0105ca plik\u00f3w cookiesNiniejszy serwis\u00a0 nie zbiera w spos\u00f3b automatyczny \u017cadnych informacji, za wyj\u0105tkiem informacji zawartych w plikach cookies. Przez u\u017cywanie stron niniejszego serwisu wyra\u017casz zgod\u0119 na u\u017cywanie ciasteczek zgodnie z poni\u017csz\u0105 polityk\u0105.\u00a0 Je\u017celi nie zgadzasz si\u0119 na stosowanie cookies przez nasz serwis, powiniene\u015b zmieni\u0107 ustawienia swojej przegl\u0105darki w odpowiedni spos\u00f3b [&hellip;]<\/p>\n","protected":false},"author":1,"featured_media":0,"parent":0,"menu_order":0,"comment_status":"closed","ping_status":"closed","template":"","meta":{"footnotes":""},"class_list":["post-1402","page","type-page","status-publish","hentry"],"_links":{"self":[{"href":"https:\/\/dobrowolski.igf.edu.pl\/index.php?rest_route=\/wp\/v2\/pages\/1402","targetHints":{"allow":["GET"]}}],"collection":[{"href":"https:\/\/dobrowolski.igf.edu.pl\/index.php?rest_route=\/wp\/v2\/pages"}],"about":[{"href":"https:\/\/dobrowolski.igf.edu.pl\/index.php?rest_route=\/wp\/v2\/types\/page"}],"author":[{"embeddable":true,"href":"https:\/\/dobrowolski.igf.edu.pl\/index.php?rest_route=\/wp\/v2\/users\/1"}],"replies":[{"embeddable":true,"href":"https:\/\/dobrowolski.igf.edu.pl\/index.php?rest_route=%2Fwp%2Fv2%2Fcomments&post=1402"}],"version-history":[{"count":2,"href":"https:\/\/dobrowolski.igf.edu.pl\/index.php?rest_route=\/wp\/v2\/pages\/1402\/revisions"}],"predecessor-version":[{"id":1432,"href":"https:\/\/dobrowolski.igf.edu.pl\/index.php?rest_route=\/wp\/v2\/pages\/1402\/revisions\/1432"}],"wp:attachment":[{"href":"https:\/\/dobrowolski.igf.edu.pl\/index.php?rest_route=%2Fwp%2Fv2%2Fmedia&parent=1402"}],"curies":[{"name":"wp","href":"https:\/\/api.w.org\/{rel}","templated":true}]}}