{"id":211,"date":"2021-08-17T10:25:46","date_gmt":"2021-08-17T10:25:46","guid":{"rendered":"https:\/\/dobrowolski.igf.edu.pl\/?page_id=211"},"modified":"2021-11-12T09:56:08","modified_gmt":"2021-11-12T09:56:08","slug":"dla-mediow","status":"publish","type":"page","link":"https:\/\/dobrowolski.igf.edu.pl\/?page_id=211","title":{"rendered":"Dla medi\u00f3w"},"content":{"rendered":"\n<p>Zach\u0119camy do korzystania z poni\u017cszych materia\u0142\u00f3w. W przypadku pyta\u0144 prosimy o kontakt: <a href=\"mailto:dobrowolski@igf.edu.pl\" target=\"_blank\" rel=\"noreferrer noopener\">dobrowolski@igf.edu.pl<\/a>.<\/p>\n\n\n\n<p><a href=\"https:\/\/dobrowolski.igf.edu.pl\/wp-content\/uploads\/2021\/11\/IV-Wyprawa-Geofizyczna-Stacja-Dobrowolskiego-notatkaprasowa.pdf\" data-type=\"URL\" data-id=\"https:\/\/dobrowolski.igf.edu.pl\/wp-content\/uploads\/2021\/11\/IV-Wyprawa-Geofizyczna-Stacja-Dobrowolskiego-notatkaprasowa.pdf\" target=\"_blank\" rel=\"noreferrer noopener\">Wyruszy\u0142a IV. Wyprawa Geofizyczna do Stacji Dobrowolskiego<\/a> &#8211; notatka prasowa<\/p>\n\n\n\n<p><a href=\"https:\/\/dobrowolski.igf.edu.pl\/wp-content\/uploads\/2021\/11\/logo-wyprawy-Dobrowolski_PL.pdf\" data-type=\"URL\" data-id=\"https:\/\/dobrowolski.igf.edu.pl\/wp-content\/uploads\/2021\/11\/logo-wyprawy-Dobrowolski_PL.pdf\" target=\"_blank\" rel=\"noreferrer noopener\">Logo IV Wyprawy Geofizycznej PL<\/a><\/p>\n\n\n\n<p><a href=\"https:\/\/dobrowolski.igf.edu.pl\/wp-content\/uploads\/2021\/11\/logo-wyprawy-Dobrowolski_EN.pdf\" data-type=\"URL\" data-id=\"https:\/\/dobrowolski.igf.edu.pl\/wp-content\/uploads\/2021\/11\/logo-wyprawy-Dobrowolski_EN.pdf\" target=\"_blank\" rel=\"noreferrer noopener\">Logo IV Wyprawy Geofizycznej EN<\/a><\/p>\n","protected":false},"excerpt":{"rendered":"<p>Zach\u0119camy do korzystania z poni\u017cszych materia\u0142\u00f3w. W przypadku pyta\u0144 prosimy o kontakt: dobrowolski@igf.edu.pl. Wyruszy\u0142a IV. Wyprawa Geofizyczna do Stacji Dobrowolskiego &#8211; notatka prasowa Logo IV Wyprawy Geofizycznej PL Logo IV Wyprawy Geofizycznej EN<\/p>\n","protected":false},"author":1,"featured_media":0,"parent":0,"menu_order":0,"comment_status":"closed","ping_status":"closed","template":"","meta":{"footnotes":""},"class_list":["post-211","page","type-page","status-publish","hentry"],"_links":{"self":[{"href":"https:\/\/dobrowolski.igf.edu.pl\/index.php?rest_route=\/wp\/v2\/pages\/211","targetHints":{"allow":["GET"]}}],"collection":[{"href":"https:\/\/dobrowolski.igf.edu.pl\/index.php?rest_route=\/wp\/v2\/pages"}],"about":[{"href":"https:\/\/dobrowolski.igf.edu.pl\/index.php?rest_route=\/wp\/v2\/types\/page"}],"author":[{"embeddable":true,"href":"https:\/\/dobrowolski.igf.edu.pl\/index.php?rest_route=\/wp\/v2\/users\/1"}],"replies":[{"embeddable":true,"href":"https:\/\/dobrowolski.igf.edu.pl\/index.php?rest_route=%2Fwp%2Fv2%2Fcomments&post=211"}],"version-history":[{"count":7,"href":"https:\/\/dobrowolski.igf.edu.pl\/index.php?rest_route=\/wp\/v2\/pages\/211\/revisions"}],"predecessor-version":[{"id":1693,"href":"https:\/\/dobrowolski.igf.edu.pl\/index.php?rest_route=\/wp\/v2\/pages\/211\/revisions\/1693"}],"wp:attachment":[{"href":"https:\/\/dobrowolski.igf.edu.pl\/index.php?rest_route=%2Fwp%2Fv2%2Fmedia&parent=211"}],"curies":[{"name":"wp","href":"https:\/\/api.w.org\/{rel}","templated":true}]}}