{"id":475,"date":"2021-09-08T11:25:57","date_gmt":"2021-09-08T11:25:57","guid":{"rendered":"https:\/\/dobrowolski.igf.edu.pl\/?page_id=475"},"modified":"2021-09-10T09:05:00","modified_gmt":"2021-09-10T09:05:00","slug":"%d0%bf%d1%83%d0%b1%d0%bb%d0%b8%d0%ba%d0%b0%d1%86%d0%b8%d0%b8","status":"publish","type":"page","link":"https:\/\/dobrowolski.igf.edu.pl\/?page_id=475&lang=ru","title":{"rendered":"\u041f\u0443\u0431\u043b\u0438\u043a\u0430\u0446\u0438\u0438"},"content":{"rendered":"\n<p>\u041f\u043e\u043b\u044c\u0441\u043a\u0438\u0435 \u0438\u0441\u0441\u043b\u0435\u0434\u043e\u0432\u0430\u0442\u0435\u043b\u0438 \u043e\u043f\u0443\u0431\u043b\u0438\u043a\u043e\u0432\u0430\u043b\u0438 \u0440\u044f\u0434 \u043d\u0430\u0443\u0447\u043d\u044b\u0445 \u0438 \u043d\u0430\u0443\u0447\u043d\u043e-\u043f\u043e\u043f\u0443\u043b\u044f\u0440\u043d\u044b\u0445 \u043f\u0443\u0431\u043b\u0438\u043a\u0430\u0446\u0438\u0439 \u043e\u0442\u043d\u043e\u0441\u0438\u0442\u0435\u043b\u044c\u043d\u043e  \u041f\u043e\u043b\u044c\u0441\u043a\u043e\u0439 \u0430\u043d\u0442\u0430\u0440\u043a\u0442\u0438\u0447\u0435\u0441\u043a\u043e\u0439 \u0441\u0442\u0430\u043d\u0446\u0438\u0438 \u0438\u043c\u0435\u043d\u0438 \u0410.\u0411. \u0414\u043e\u0431\u0440\u043e\u0432\u043e\u043b\u044c\u0441\u043a\u043e\u0433\u043e \u0438 O\u0430\u0437\u0438\u0441\u0430 \u0411\u0443\u043d\u0433\u0435\u0440\u0430, \u0432 \u0442\u043e\u043c \u0447\u0438\u0441\u043b\u0435:<\/p>\n\n\n\n<ul class=\"wp-block-list\"><li>Battke Z., 1980. Photogrammetric work at Bunger Oasis (in Polish). Przegl\u0105d Geodezyjny. No. 6.<\/li><li>Battke Z., 1985a. Antarktyczna Stacja im. A. B. Dobrowolskiego, Oaza Bungera, mapa 1 : 500, Wyd. Instytutu Geofizyki PAN.<\/li><li>Battke Z., 1985b. Terytorium Antarktydy Oaza Bungera, Polska Stacja im. A. B. Dobrowolskiego, Oaza Bungera, mapa 1 : 5000, Wyd. Instytutu Geofizyki PAN.<\/li><li>Battke Z., 1985c. Elaboration of topographic maps of the Polish A. B. Dobrowolski Station at Bunger Oasis on the Antarctic Continent, Polish Polar Research, 6, 385\u2013390.<\/li><li>Birkenmajer K., 1988. 30 years of Polish scientific research in Antarctica, Polish Polar Research, 9, 419\u2013420.<\/li><li>Birkenmajer K., 2001. Polish polar research; an outline. Second SCAR Antarctic geodesy symposium, Warsaw, Poland, July 14-16, 1999 [Report of the second SCAR Antarctic geodesy symposium. SCAR Report, No.20, p.1-5;]. Publisher: Scientific Committee on Antarctic Research at the Scott Polar Research Institute, Cambridge, United Kingdom. ISSN: 1350-7389<\/li><li>Centkiewicz A., Centkiewicz&nbsp;Cz., 1961. Tajemnice sz\u00f3stego kontynentu, Wydawnictwo Czytelnik<\/li><li>Centkiewicz A., Centkiewicz&nbsp;Cz., 1963. Kierunek \u2013 Antarktyda, ISKRY, Warszawa<\/li><li>Cisak J., 1980a. Determination of astronomical co-ordinates of geodetic point at Bunger Oasis in Antarctic, Polish Polar Research, 1, 99\u2013104.<\/li><li>Cisak J., 1980b. Measurement of the astronomical coordinates of the geodetic point at Bunger Oasis (in Polish). Przegl\u0105d Geodezyjny, No. 6.<\/li><li>Cisak J., D\u0105browski S., 1990. Polish geodetic and cartographic studies in the Arctic and Antarctic regions, Polish Polar Research, 11 (3-4)<\/li><li>Cisak J., 1992. List of place-names in Antarctica introduced by Poland in 1978-1990. Polish Polar Research. 13 (3-4). Poland. P.273-301. ISSN: 0138-0338<\/li><li>Czajkowski R. 2015. Rok w lodach Antarktydy. 179 pp., Wydawnictwo Gondwana, ISBN 978-83-63756-10-9<\/li><li>Filcek K., Zielinski K., 1990. Report on the expedition of Polish biologists to Bunger Hills, East Antarctica, 1988\/89. Polish Polar Research. 11 (1-2). Poland. P.161-167. ISSN: 0138-0338<\/li><li>Gregorczuk M., 1980. Climate of Bunger Oasis (region of A. B. Dobrowolski Station, Antarctic), Polish Polar Research, 1, 205\u2013230.<\/li><li>Krzemi\u0144ski W., Battke Z., 1982. Badanie dynamiki i zmian powierzchni strefy marginalnej l\u0105dolodu w Oazie Bungera we wschodniej Antarktydzie. [W:] Prace geodezyjne w polskich wyprawach polarnych 1932-1982. Sympozjum. Wyd. Czasopism i Ksi\u0105\u017cek Technicznych SIGMA, Warszawa, 133-157<\/li><li>Krzemi\u0144ski W., Wi\u015bniewski E., 1985. The Polish Expedition to the A. B. Dobrowolski Station on the Antarctic continent in 1978\/79, Polish Polar Research, 6, 377\u2013384.<\/li><li>Krzy\u017caniak H., 1980. Antoni Boles\u0142aw Dobrowolski (6 VI 1872 \u2013 27 IV 1954), Polish Polar Research, 1, 153\u2013154.<\/li><li>Kuc M., 1969. Some mosses from an Antarctic oasis. Revue bryologique et lich\u00e9nologique. 36(3\/4). France. P.655-672. ISSN: 0373-0913<\/li><li>Machowski J., 1997. Polscy zdobywcy Bia\u0142ego L\u0105du. Historia polskich odkry\u0107, wypraw i bada\u0144 w Antarktyce, Dialog, Warszawa.<\/li><li>Olech M., 1989. Preliminary botanical studies at Bunger Oasis, East Antarctica. Polish Polar Research. 10 (4). Poland. P.605-609. ISSN: 0138-0338<\/li><li>Olech M., Alstrup V., 1996. Dactylospora dobrowolskii sp. nov. and additions to the flora of lichens and lichenicolous fungi of Bunger Oasis, East Antarctica. Polish Polar Research. 17 (3-4). Poland. P.165-168. ISSN: 0138-0338<\/li><li>Pachuta A., 1980a. Preliminary gravimetric investigations in Bunger Oasis nearby of Dobrowolski\u2019s Station (Antarctic), Polish Polar Research, 1, 87\u201397.<\/li><li>Pachuta A., 1980b. Gravimmetric measurements at Bunger Oasis (in Polish). Przegl\u0105d Geodezyjny, No. 6.<\/li><li>Pachuta A., Adamek A., Kurczy\u0144ski Z., Walo J., W\u0119zka K., 2011. Geodezja na biegunach. Geodeta: magazyn geoinformacyjny, 5: 42-47.<\/li><li>Rakusa-Suszczewski S., 2006. \u0422\u0440\u0430\u0434\u0438\u0446\u0438\u0438 \u0438 \u0431\u0443\u0434\u0443\u0449\u0435\u0435 \u0440\u0443\u0441\u0441\u043a\u043e-\u043f\u043e\u043b\u044c\u0441\u043a\u043e\u0433\u043e \u0441\u043e\u0442\u0440\u0443\u0434\u043d\u0438\u0447\u0435\u0441\u0442\u0432\u0430 \u0432 \u0410\u043d\u0442\u0430\u0440\u043a\u0442\u0438\u043a\u0435. Website&nbsp;<a rel=\"noreferrer noopener\" href=\"http:\/\/www.socionauki.ru\/\" target=\"_blank\">www.socionauki.ru&nbsp;Opens in a new window<\/a>, direct link:&nbsp;<a rel=\"noreferrer noopener\" href=\"https:\/\/www.socionauki.ru\/journal\/articles\/145493\/\" target=\"_blank\">https:\/\/www.socionauki.ru\/journal\/articles\/145493\/Opens in a new window<\/a><\/li><li>R\u00f3\u017cycki S.Z., 1960. Time of formation of the Bunger Hills. Sovetskaia antarkticheskaia ekspeditsiia. Informatsionnyy biulletin. No.20. USSR. P.10-14. (Engl. transl. in Soviet Antarctic Expedition, Information Bulletin, Vol.2, Amsterdam, Elsevier, 1964).<\/li><li>R\u00f3\u017cycki S.Z., 1964. Rhythm of changes in the Antarctic ice cap under the influence of climatic variations. Polarforschung, 5(1\/2), 1963, publ. Sept. 1964. 7.<\/li><li>\u015aledzi\u0144ski J., Z\u0105bek Z., 1982. Prace grawimetryczne pierwszej polskiej wyprawy antarktycznej w latach 1958-1959, Materia\u0142y sympozjum \u201cPrace geodezyjne w polskich wyprawach polarnych 1932-1982\u201d, SGP, Warszawa.<\/li><li>\u015aledzi\u0144ski J., 1999. Member of the First Polish Antarctic Expedition 1958\/59 [W:] Polish Geodetic Antarctic Studies. A short historical outline. Second Antarctic Geodesy Symposium, 14\u201316 July 1999, Warsaw.<\/li><li>Wi\u015bniewski E., 1980. Polska wyprawa na Antarktyd\u0119 do stacji im. A.B. Dobrowolskiego 1978-79 [Polish expedition to Dobrowolski Station in Antarctica in 1978-79]. Przegl\u0105d geograficzny. 52(2). Poland. P.403-408. ISSN:0033-2143.<\/li><li>Wi\u015bniewski E., 1980. Some physical-geographic problems at Bunger Oasis on the Antarctic Continent (in Polish). 7th Polar Symposium, Cracow 1980.<\/li><li>Wi\u015bniewski E., 1981. Moraines forms and deposits of Antarctic ice-sheet at the contact with Bunger Hills. Polish Polar Research. 2(1\/2). Poland. P.17-28. ISSN: 0138-0338.<\/li><li>Wi\u015bniewski E., 1983. Bunger Oasis: the largest ice-free area in the Antarctic. Terra. 95(3). Finland. P.178-187.<\/li><li>Wi\u015bniewski E., 1984. Wa\u0142y lodowo-morenowe l\u0105dolodu Antarktydy na kontakcie z Oaz\u0105 Bungera [Glacial moraines of the Antarctic ice sheet at its contact with Bunger Hills]. Przegl\u0105d Geograficzny. 56(3-4). Poland. P.91-102. ISSN:0033-2143.<\/li><li>Wi\u015bniewski E., 1989. Oaza Bungera \u2013 jej geneza i niekt\u00f3re problemy fizycznogeograficzne [Bunger Hills \u2013 its genesis and some physiogeographical problems]. XVI Sympozjum Polarne: Dorobek i perspektywy polskich bada\u0144 polarnych (16th Polar Symposium: Achievements and Prospects of Polish Polar Research). Edited by A. Olszewski. Publisher: Toru\u0144, Uniwersytet Miko\u0142aja Kopernika. Poland. P.45-50.<\/li><li>Wi\u015bniewski E., 1989. Antarktyda \u2013 lodowa pustynia, Wydawnictwa Szkolne i Pedagogiczne, Warszawa<\/li><li>W\u00f3jcik G., 1988. Temperature of active layer at Bunger Oasis in Antarctica in summer 1978-79. 5th International Conference on Permafrost, Trondheim, Norway, Aug. 2-5, 1988. Proceedings, Vol.1. Edited by K. Senneset. Publisher: Trondheim, Norway, Tapir Publishers. Norway. P.505-510.<\/li><li>W\u00f3jcik G., 1989. Prze\u017aroczysto\u015b\u0107 atmosfery i nat\u0119\u017cenie bezpo\u015bredniego promieniowania s\u0142onecznego w Arktyce i na Antarktydzie [Atmospheric transparency and the stress of direct solar radiation in the Arctic and Antarctic]. XVI Sympozjum Polarne: Dorobek i perspektywy polskich bada\u0144 polarnych (16th Polar Symposium: Achievements and Prospects of Polish Polar Research). Edited by A. Olszewski. Publisher: Toru\u0144, Uniwersytet Miko\u0142aja Kopernika. Poland. P.149-151.<\/li><li>Zalewski S.M., 1963. Polska Wyprawa Antarktyczna w Mi\u0119dzynarodowym Roku Geofizycznym, Podstawowe Problemy Wsp\u00f3\u0142czesnej Techniki, t. VIII, 389\u2013432.<\/li><\/ul>\n","protected":false},"excerpt":{"rendered":"<p>\u041f\u043e\u043b\u044c\u0441\u043a\u0438\u0435 \u0438\u0441\u0441\u043b\u0435\u0434\u043e\u0432\u0430\u0442\u0435\u043b\u0438 \u043e\u043f\u0443\u0431\u043b\u0438\u043a\u043e\u0432\u0430\u043b\u0438 \u0440\u044f\u0434 \u043d\u0430\u0443\u0447\u043d\u044b\u0445 \u0438 \u043d\u0430\u0443\u0447\u043d\u043e-\u043f\u043e\u043f\u0443\u043b\u044f\u0440\u043d\u044b\u0445 \u043f\u0443\u0431\u043b\u0438\u043a\u0430\u0446\u0438\u0439 \u043e\u0442\u043d\u043e\u0441\u0438\u0442\u0435\u043b\u044c\u043d\u043e \u041f\u043e\u043b\u044c\u0441\u043a\u043e\u0439 \u0430\u043d\u0442\u0430\u0440\u043a\u0442\u0438\u0447\u0435\u0441\u043a\u043e\u0439 \u0441\u0442\u0430\u043d\u0446\u0438\u0438 \u0438\u043c\u0435\u043d\u0438 \u0410.\u0411. \u0414\u043e\u0431\u0440\u043e\u0432\u043e\u043b\u044c\u0441\u043a\u043e\u0433\u043e \u0438 O\u0430\u0437\u0438\u0441\u0430 \u0411\u0443\u043d\u0433\u0435\u0440\u0430, \u0432 \u0442\u043e\u043c \u0447\u0438\u0441\u043b\u0435: Battke Z., 1980. Photogrammetric work at Bunger Oasis (in Polish). Przegl\u0105d Geodezyjny. No. 6. Battke Z., 1985a. Antarktyczna Stacja im. A. B. Dobrowolskiego, Oaza Bungera, mapa 1 : 500, Wyd. Instytutu Geofizyki PAN. Battke [&hellip;]<\/p>\n","protected":false},"author":1,"featured_media":0,"parent":0,"menu_order":0,"comment_status":"closed","ping_status":"closed","template":"","meta":{"footnotes":""},"class_list":["post-475","page","type-page","status-publish","hentry"],"_links":{"self":[{"href":"https:\/\/dobrowolski.igf.edu.pl\/index.php?rest_route=\/wp\/v2\/pages\/475","targetHints":{"allow":["GET"]}}],"collection":[{"href":"https:\/\/dobrowolski.igf.edu.pl\/index.php?rest_route=\/wp\/v2\/pages"}],"about":[{"href":"https:\/\/dobrowolski.igf.edu.pl\/index.php?rest_route=\/wp\/v2\/types\/page"}],"author":[{"embeddable":true,"href":"https:\/\/dobrowolski.igf.edu.pl\/index.php?rest_route=\/wp\/v2\/users\/1"}],"replies":[{"embeddable":true,"href":"https:\/\/dobrowolski.igf.edu.pl\/index.php?rest_route=%2Fwp%2Fv2%2Fcomments&post=475"}],"version-history":[{"count":3,"href":"https:\/\/dobrowolski.igf.edu.pl\/index.php?rest_route=\/wp\/v2\/pages\/475\/revisions"}],"predecessor-version":[{"id":661,"href":"https:\/\/dobrowolski.igf.edu.pl\/index.php?rest_route=\/wp\/v2\/pages\/475\/revisions\/661"}],"wp:attachment":[{"href":"https:\/\/dobrowolski.igf.edu.pl\/index.php?rest_route=%2Fwp%2Fv2%2Fmedia&parent=475"}],"curies":[{"name":"wp","href":"https:\/\/api.w.org\/{rel}","templated":true}]}}