{"id":55,"date":"2021-08-13T11:53:45","date_gmt":"2021-08-13T11:53:45","guid":{"rendered":"https:\/\/dobrowolski.igf.edu.pl\/?page_id=55"},"modified":"2023-02-06T09:52:23","modified_gmt":"2023-02-06T09:52:23","slug":"infrastruktura","status":"publish","type":"page","link":"https:\/\/dobrowolski.igf.edu.pl\/?page_id=55","title":{"rendered":"Galeria"},"content":{"rendered":"\n<p>Zdj\u0119cia z Oazy Bungera, wykonane podczas ostatniej IV Wyprawy Geofizycznej do Polskiej Stacji Antarktycznej im. A.B. Dobrowolskiego w sezonie 2021\/2022. Autor: dr Adam Nawrot.<\/p>\n\n\n\n<div class=\"wp-block-columns is-layout-flex wp-container-core-columns-is-layout-1 wp-block-columns-is-layout-flex\">\n<div class=\"wp-block-column is-layout-flow wp-block-column-is-layout-flow\">\n<figure class=\"wp-block-image size-large\"><a href=\"https:\/\/dobrowolski.igf.edu.pl\/wp-content\/uploads\/2023\/02\/1-oaza-bungera-adam-nawrot.jpg\"><img loading=\"lazy\" decoding=\"async\" width=\"1024\" height=\"576\" src=\"https:\/\/dobrowolski.igf.edu.pl\/wp-content\/uploads\/2023\/02\/1-oaza-bungera-adam-nawrot-1024x576.jpg\" alt=\"\" class=\"wp-image-3457\" srcset=\"https:\/\/dobrowolski.igf.edu.pl\/wp-content\/uploads\/2023\/02\/1-oaza-bungera-adam-nawrot-1024x576.jpg 1024w, https:\/\/dobrowolski.igf.edu.pl\/wp-content\/uploads\/2023\/02\/1-oaza-bungera-adam-nawrot-300x169.jpg 300w, https:\/\/dobrowolski.igf.edu.pl\/wp-content\/uploads\/2023\/02\/1-oaza-bungera-adam-nawrot-768x432.jpg 768w, https:\/\/dobrowolski.igf.edu.pl\/wp-content\/uploads\/2023\/02\/1-oaza-bungera-adam-nawrot-1536x864.jpg 1536w, https:\/\/dobrowolski.igf.edu.pl\/wp-content\/uploads\/2023\/02\/1-oaza-bungera-adam-nawrot.jpg 1920w\" sizes=\"auto, (max-width: 1024px) 100vw, 1024px\" \/><\/a><\/figure>\n<\/div>\n\n\n\n<div class=\"wp-block-column is-layout-flow wp-block-column-is-layout-flow\">\n<figure class=\"wp-block-image size-large\"><a href=\"https:\/\/dobrowolski.igf.edu.pl\/wp-content\/uploads\/2023\/02\/2-oaza-bungera-adam-nawrot.jpg\"><img loading=\"lazy\" decoding=\"async\" width=\"1024\" height=\"471\" src=\"https:\/\/dobrowolski.igf.edu.pl\/wp-content\/uploads\/2023\/02\/2-oaza-bungera-adam-nawrot-1024x471.jpg\" alt=\"\" class=\"wp-image-3454\" srcset=\"https:\/\/dobrowolski.igf.edu.pl\/wp-content\/uploads\/2023\/02\/2-oaza-bungera-adam-nawrot-1024x471.jpg 1024w, https:\/\/dobrowolski.igf.edu.pl\/wp-content\/uploads\/2023\/02\/2-oaza-bungera-adam-nawrot-300x138.jpg 300w, https:\/\/dobrowolski.igf.edu.pl\/wp-content\/uploads\/2023\/02\/2-oaza-bungera-adam-nawrot-768x354.jpg 768w, https:\/\/dobrowolski.igf.edu.pl\/wp-content\/uploads\/2023\/02\/2-oaza-bungera-adam-nawrot-1536x707.jpg 1536w, https:\/\/dobrowolski.igf.edu.pl\/wp-content\/uploads\/2023\/02\/2-oaza-bungera-adam-nawrot.jpg 1920w\" sizes=\"auto, (max-width: 1024px) 100vw, 1024px\" \/><\/a><\/figure>\n<\/div>\n<\/div>\n\n\n\n<div class=\"wp-block-columns is-layout-flex wp-container-core-columns-is-layout-2 wp-block-columns-is-layout-flex\">\n<div class=\"wp-block-column is-layout-flow wp-block-column-is-layout-flow\">\n<figure class=\"wp-block-image size-large\"><a href=\"https:\/\/dobrowolski.igf.edu.pl\/wp-content\/uploads\/2023\/02\/3-oaza-bungera-adam-nawrot.jpg\"><img loading=\"lazy\" decoding=\"async\" width=\"1024\" height=\"473\" src=\"https:\/\/dobrowolski.igf.edu.pl\/wp-content\/uploads\/2023\/02\/3-oaza-bungera-adam-nawrot-1024x473.jpg\" alt=\"\" class=\"wp-image-3442\" srcset=\"https:\/\/dobrowolski.igf.edu.pl\/wp-content\/uploads\/2023\/02\/3-oaza-bungera-adam-nawrot-1024x473.jpg 1024w, https:\/\/dobrowolski.igf.edu.pl\/wp-content\/uploads\/2023\/02\/3-oaza-bungera-adam-nawrot-300x139.jpg 300w, https:\/\/dobrowolski.igf.edu.pl\/wp-content\/uploads\/2023\/02\/3-oaza-bungera-adam-nawrot-768x355.jpg 768w, https:\/\/dobrowolski.igf.edu.pl\/wp-content\/uploads\/2023\/02\/3-oaza-bungera-adam-nawrot-1536x710.jpg 1536w, https:\/\/dobrowolski.igf.edu.pl\/wp-content\/uploads\/2023\/02\/3-oaza-bungera-adam-nawrot.jpg 1920w\" sizes=\"auto, (max-width: 1024px) 100vw, 1024px\" \/><\/a><\/figure>\n<\/div>\n\n\n\n<div class=\"wp-block-column is-layout-flow wp-block-column-is-layout-flow\">\n<figure class=\"wp-block-image size-large\"><a href=\"https:\/\/dobrowolski.igf.edu.pl\/wp-content\/uploads\/2023\/02\/4-oaza-bungera-adam-nawrot.jpg\"><img loading=\"lazy\" decoding=\"async\" width=\"1024\" height=\"576\" src=\"https:\/\/dobrowolski.igf.edu.pl\/wp-content\/uploads\/2023\/02\/4-oaza-bungera-adam-nawrot-1024x576.jpg\" alt=\"\" class=\"wp-image-3445\" srcset=\"https:\/\/dobrowolski.igf.edu.pl\/wp-content\/uploads\/2023\/02\/4-oaza-bungera-adam-nawrot-1024x576.jpg 1024w, https:\/\/dobrowolski.igf.edu.pl\/wp-content\/uploads\/2023\/02\/4-oaza-bungera-adam-nawrot-300x169.jpg 300w, https:\/\/dobrowolski.igf.edu.pl\/wp-content\/uploads\/2023\/02\/4-oaza-bungera-adam-nawrot-768x432.jpg 768w, https:\/\/dobrowolski.igf.edu.pl\/wp-content\/uploads\/2023\/02\/4-oaza-bungera-adam-nawrot-1536x864.jpg 1536w, https:\/\/dobrowolski.igf.edu.pl\/wp-content\/uploads\/2023\/02\/4-oaza-bungera-adam-nawrot.jpg 1920w\" sizes=\"auto, (max-width: 1024px) 100vw, 1024px\" \/><\/a><\/figure>\n<\/div>\n<\/div>\n\n\n\n<div class=\"wp-block-columns is-layout-flex wp-container-core-columns-is-layout-3 wp-block-columns-is-layout-flex\">\n<div class=\"wp-block-column is-layout-flow wp-block-column-is-layout-flow\">\n<figure class=\"wp-block-image size-large\"><a href=\"https:\/\/dobrowolski.igf.edu.pl\/wp-content\/uploads\/2023\/02\/5-oaza-bungera-adam-nawrot.jpg\"><img loading=\"lazy\" decoding=\"async\" width=\"1024\" height=\"683\" src=\"https:\/\/dobrowolski.igf.edu.pl\/wp-content\/uploads\/2023\/02\/5-oaza-bungera-adam-nawrot-1024x683.jpg\" alt=\"\" class=\"wp-image-3451\" srcset=\"https:\/\/dobrowolski.igf.edu.pl\/wp-content\/uploads\/2023\/02\/5-oaza-bungera-adam-nawrot-1024x683.jpg 1024w, https:\/\/dobrowolski.igf.edu.pl\/wp-content\/uploads\/2023\/02\/5-oaza-bungera-adam-nawrot-300x200.jpg 300w, https:\/\/dobrowolski.igf.edu.pl\/wp-content\/uploads\/2023\/02\/5-oaza-bungera-adam-nawrot-768x512.jpg 768w, https:\/\/dobrowolski.igf.edu.pl\/wp-content\/uploads\/2023\/02\/5-oaza-bungera-adam-nawrot-1536x1024.jpg 1536w, https:\/\/dobrowolski.igf.edu.pl\/wp-content\/uploads\/2023\/02\/5-oaza-bungera-adam-nawrot.jpg 1920w\" sizes=\"auto, (max-width: 1024px) 100vw, 1024px\" \/><\/a><\/figure>\n<\/div>\n\n\n\n<div class=\"wp-block-column is-layout-flow wp-block-column-is-layout-flow\">\n<figure class=\"wp-block-image size-large\"><a href=\"https:\/\/dobrowolski.igf.edu.pl\/wp-content\/uploads\/2023\/02\/6-oaza-bungera-adam-nawrot.jpg\"><img loading=\"lazy\" decoding=\"async\" width=\"1024\" height=\"768\" src=\"https:\/\/dobrowolski.igf.edu.pl\/wp-content\/uploads\/2023\/02\/6-oaza-bungera-adam-nawrot-1024x768.jpg\" alt=\"\" class=\"wp-image-3448\" srcset=\"https:\/\/dobrowolski.igf.edu.pl\/wp-content\/uploads\/2023\/02\/6-oaza-bungera-adam-nawrot-1024x768.jpg 1024w, https:\/\/dobrowolski.igf.edu.pl\/wp-content\/uploads\/2023\/02\/6-oaza-bungera-adam-nawrot-300x225.jpg 300w, https:\/\/dobrowolski.igf.edu.pl\/wp-content\/uploads\/2023\/02\/6-oaza-bungera-adam-nawrot-768x576.jpg 768w, https:\/\/dobrowolski.igf.edu.pl\/wp-content\/uploads\/2023\/02\/6-oaza-bungera-adam-nawrot-1536x1152.jpg 1536w, https:\/\/dobrowolski.igf.edu.pl\/wp-content\/uploads\/2023\/02\/6-oaza-bungera-adam-nawrot.jpg 1920w\" sizes=\"auto, (max-width: 1024px) 100vw, 1024px\" \/><\/a><\/figure>\n<\/div>\n<\/div>\n\n\n\n<div class=\"wp-block-columns is-layout-flex wp-container-core-columns-is-layout-4 wp-block-columns-is-layout-flex\">\n<div class=\"wp-block-column is-layout-flow wp-block-column-is-layout-flow\">\n<figure class=\"wp-block-image size-large\"><a href=\"https:\/\/dobrowolski.igf.edu.pl\/wp-content\/uploads\/2023\/02\/7-oaza-bungera-adam-nawrot.jpg\"><img loading=\"lazy\" decoding=\"async\" width=\"1024\" height=\"768\" src=\"https:\/\/dobrowolski.igf.edu.pl\/wp-content\/uploads\/2023\/02\/7-oaza-bungera-adam-nawrot-1024x768.jpg\" alt=\"\" class=\"wp-image-3460\" srcset=\"https:\/\/dobrowolski.igf.edu.pl\/wp-content\/uploads\/2023\/02\/7-oaza-bungera-adam-nawrot-1024x768.jpg 1024w, https:\/\/dobrowolski.igf.edu.pl\/wp-content\/uploads\/2023\/02\/7-oaza-bungera-adam-nawrot-300x225.jpg 300w, https:\/\/dobrowolski.igf.edu.pl\/wp-content\/uploads\/2023\/02\/7-oaza-bungera-adam-nawrot-768x576.jpg 768w, https:\/\/dobrowolski.igf.edu.pl\/wp-content\/uploads\/2023\/02\/7-oaza-bungera-adam-nawrot-1536x1152.jpg 1536w, https:\/\/dobrowolski.igf.edu.pl\/wp-content\/uploads\/2023\/02\/7-oaza-bungera-adam-nawrot.jpg 1920w\" sizes=\"auto, (max-width: 1024px) 100vw, 1024px\" \/><\/a><\/figure>\n<\/div>\n\n\n\n<div class=\"wp-block-column is-layout-flow wp-block-column-is-layout-flow\">\n<figure class=\"wp-block-image size-large\"><a href=\"https:\/\/dobrowolski.igf.edu.pl\/wp-content\/uploads\/2023\/02\/8-oaza-bungera-adam-nawrot.jpg\"><img loading=\"lazy\" decoding=\"async\" width=\"1024\" height=\"471\" src=\"https:\/\/dobrowolski.igf.edu.pl\/wp-content\/uploads\/2023\/02\/8-oaza-bungera-adam-nawrot-1024x471.jpg\" alt=\"\" class=\"wp-image-3469\" srcset=\"https:\/\/dobrowolski.igf.edu.pl\/wp-content\/uploads\/2023\/02\/8-oaza-bungera-adam-nawrot-1024x471.jpg 1024w, https:\/\/dobrowolski.igf.edu.pl\/wp-content\/uploads\/2023\/02\/8-oaza-bungera-adam-nawrot-300x138.jpg 300w, https:\/\/dobrowolski.igf.edu.pl\/wp-content\/uploads\/2023\/02\/8-oaza-bungera-adam-nawrot-768x354.jpg 768w, https:\/\/dobrowolski.igf.edu.pl\/wp-content\/uploads\/2023\/02\/8-oaza-bungera-adam-nawrot-1536x707.jpg 1536w, https:\/\/dobrowolski.igf.edu.pl\/wp-content\/uploads\/2023\/02\/8-oaza-bungera-adam-nawrot.jpg 1920w\" sizes=\"auto, (max-width: 1024px) 100vw, 1024px\" \/><\/a><\/figure>\n<\/div>\n<\/div>\n\n\n\n<div class=\"wp-block-columns is-layout-flex wp-container-core-columns-is-layout-5 wp-block-columns-is-layout-flex\">\n<div class=\"wp-block-column is-layout-flow wp-block-column-is-layout-flow\">\n<figure class=\"wp-block-image size-large\"><a href=\"https:\/\/dobrowolski.igf.edu.pl\/wp-content\/uploads\/2023\/02\/9-oaza-bungera-adam-nawrot.jpg\"><img loading=\"lazy\" decoding=\"async\" width=\"1024\" height=\"473\" src=\"https:\/\/dobrowolski.igf.edu.pl\/wp-content\/uploads\/2023\/02\/9-oaza-bungera-adam-nawrot-1024x473.jpg\" alt=\"\" class=\"wp-image-3475\" srcset=\"https:\/\/dobrowolski.igf.edu.pl\/wp-content\/uploads\/2023\/02\/9-oaza-bungera-adam-nawrot-1024x473.jpg 1024w, https:\/\/dobrowolski.igf.edu.pl\/wp-content\/uploads\/2023\/02\/9-oaza-bungera-adam-nawrot-300x139.jpg 300w, https:\/\/dobrowolski.igf.edu.pl\/wp-content\/uploads\/2023\/02\/9-oaza-bungera-adam-nawrot-768x355.jpg 768w, https:\/\/dobrowolski.igf.edu.pl\/wp-content\/uploads\/2023\/02\/9-oaza-bungera-adam-nawrot-1536x710.jpg 1536w, https:\/\/dobrowolski.igf.edu.pl\/wp-content\/uploads\/2023\/02\/9-oaza-bungera-adam-nawrot.jpg 1920w\" sizes=\"auto, (max-width: 1024px) 100vw, 1024px\" \/><\/a><\/figure>\n<\/div>\n\n\n\n<div class=\"wp-block-column is-layout-flow wp-block-column-is-layout-flow\">\n<figure class=\"wp-block-image size-large\"><a href=\"https:\/\/dobrowolski.igf.edu.pl\/wp-content\/uploads\/2023\/02\/10-oaza-bungera-adam-nawrot.jpg\"><img loading=\"lazy\" decoding=\"async\" width=\"1024\" height=\"471\" src=\"https:\/\/dobrowolski.igf.edu.pl\/wp-content\/uploads\/2023\/02\/10-oaza-bungera-adam-nawrot-1024x471.jpg\" alt=\"\" class=\"wp-image-3466\" srcset=\"https:\/\/dobrowolski.igf.edu.pl\/wp-content\/uploads\/2023\/02\/10-oaza-bungera-adam-nawrot-1024x471.jpg 1024w, https:\/\/dobrowolski.igf.edu.pl\/wp-content\/uploads\/2023\/02\/10-oaza-bungera-adam-nawrot-300x138.jpg 300w, https:\/\/dobrowolski.igf.edu.pl\/wp-content\/uploads\/2023\/02\/10-oaza-bungera-adam-nawrot-768x354.jpg 768w, https:\/\/dobrowolski.igf.edu.pl\/wp-content\/uploads\/2023\/02\/10-oaza-bungera-adam-nawrot-1536x707.jpg 1536w, https:\/\/dobrowolski.igf.edu.pl\/wp-content\/uploads\/2023\/02\/10-oaza-bungera-adam-nawrot.jpg 1920w\" sizes=\"auto, (max-width: 1024px) 100vw, 1024px\" \/><\/a><\/figure>\n<\/div>\n<\/div>\n\n\n\n<div class=\"wp-block-columns is-layout-flex wp-container-core-columns-is-layout-6 wp-block-columns-is-layout-flex\">\n<div class=\"wp-block-column is-layout-flow wp-block-column-is-layout-flow\">\n<figure class=\"wp-block-image size-large\"><a href=\"https:\/\/dobrowolski.igf.edu.pl\/wp-content\/uploads\/2023\/02\/11-oaza-bungera-adam-nawrot.jpg\"><img loading=\"lazy\" decoding=\"async\" width=\"1024\" height=\"768\" src=\"https:\/\/dobrowolski.igf.edu.pl\/wp-content\/uploads\/2023\/02\/11-oaza-bungera-adam-nawrot-1024x768.jpg\" alt=\"\" class=\"wp-image-3463\" srcset=\"https:\/\/dobrowolski.igf.edu.pl\/wp-content\/uploads\/2023\/02\/11-oaza-bungera-adam-nawrot-1024x768.jpg 1024w, https:\/\/dobrowolski.igf.edu.pl\/wp-content\/uploads\/2023\/02\/11-oaza-bungera-adam-nawrot-300x225.jpg 300w, https:\/\/dobrowolski.igf.edu.pl\/wp-content\/uploads\/2023\/02\/11-oaza-bungera-adam-nawrot-768x576.jpg 768w, https:\/\/dobrowolski.igf.edu.pl\/wp-content\/uploads\/2023\/02\/11-oaza-bungera-adam-nawrot-1536x1152.jpg 1536w, https:\/\/dobrowolski.igf.edu.pl\/wp-content\/uploads\/2023\/02\/11-oaza-bungera-adam-nawrot.jpg 1920w\" sizes=\"auto, (max-width: 1024px) 100vw, 1024px\" \/><\/a><\/figure>\n<\/div>\n\n\n\n<div class=\"wp-block-column is-layout-flow wp-block-column-is-layout-flow\">\n<figure class=\"wp-block-image size-large\"><a href=\"https:\/\/dobrowolski.igf.edu.pl\/wp-content\/uploads\/2023\/02\/12-oaza-bungera-adam-nawrot.jpg\"><img loading=\"lazy\" decoding=\"async\" width=\"1024\" height=\"471\" src=\"https:\/\/dobrowolski.igf.edu.pl\/wp-content\/uploads\/2023\/02\/12-oaza-bungera-adam-nawrot-1024x471.jpg\" alt=\"\" class=\"wp-image-3472\" srcset=\"https:\/\/dobrowolski.igf.edu.pl\/wp-content\/uploads\/2023\/02\/12-oaza-bungera-adam-nawrot-1024x471.jpg 1024w, https:\/\/dobrowolski.igf.edu.pl\/wp-content\/uploads\/2023\/02\/12-oaza-bungera-adam-nawrot-300x138.jpg 300w, https:\/\/dobrowolski.igf.edu.pl\/wp-content\/uploads\/2023\/02\/12-oaza-bungera-adam-nawrot-768x354.jpg 768w, https:\/\/dobrowolski.igf.edu.pl\/wp-content\/uploads\/2023\/02\/12-oaza-bungera-adam-nawrot-1536x707.jpg 1536w, https:\/\/dobrowolski.igf.edu.pl\/wp-content\/uploads\/2023\/02\/12-oaza-bungera-adam-nawrot.jpg 1920w\" sizes=\"auto, (max-width: 1024px) 100vw, 1024px\" \/><\/a><\/figure>\n<\/div>\n<\/div>\n\n\n\n<figure class=\"wp-block-image size-large\"><a href=\"https:\/\/dobrowolski.igf.edu.pl\/wp-content\/uploads\/2023\/02\/13-oaza-bungera-adam-nawrot.jpg\"><img loading=\"lazy\" decoding=\"async\" width=\"1024\" height=\"473\" src=\"https:\/\/dobrowolski.igf.edu.pl\/wp-content\/uploads\/2023\/02\/13-oaza-bungera-adam-nawrot-1024x473.jpg\" alt=\"\" class=\"wp-image-3478\" srcset=\"https:\/\/dobrowolski.igf.edu.pl\/wp-content\/uploads\/2023\/02\/13-oaza-bungera-adam-nawrot-1024x473.jpg 1024w, https:\/\/dobrowolski.igf.edu.pl\/wp-content\/uploads\/2023\/02\/13-oaza-bungera-adam-nawrot-300x139.jpg 300w, https:\/\/dobrowolski.igf.edu.pl\/wp-content\/uploads\/2023\/02\/13-oaza-bungera-adam-nawrot-768x355.jpg 768w, https:\/\/dobrowolski.igf.edu.pl\/wp-content\/uploads\/2023\/02\/13-oaza-bungera-adam-nawrot-1536x710.jpg 1536w, https:\/\/dobrowolski.igf.edu.pl\/wp-content\/uploads\/2023\/02\/13-oaza-bungera-adam-nawrot.jpg 1920w\" sizes=\"auto, (max-width: 1024px) 100vw, 1024px\" \/><\/a><\/figure>\n\n\n\n<hr class=\"wp-block-separator has-alpha-channel-opacity\"\/>\n\n\n\n<p>Fotografie, kt\u00f3re zosta\u0142y wykonane podczas Polskiej Wyprawy do Polskiej Stacji Antarktycznej im. A.B. Dobrowolskiego w sezonie 1978\/1979. Autorami zdj\u0119ciami s\u0105: Maciej Ta\u0142a\u0142as, Andrzej Pachuta i Zbigniew Battke.<\/p>\n\n\n\n<div class=\"wp-block-columns is-layout-flex wp-container-core-columns-is-layout-7 wp-block-columns-is-layout-flex\">\n<div class=\"wp-block-column is-layout-flow wp-block-column-is-layout-flow\">\n<figure class=\"wp-block-image size-large\"><a href=\"https:\/\/dobrowolski.igf.edu.pl\/wp-content\/uploads\/2021\/09\/Andrzej-Pachuta-1-2.jpg\"><img decoding=\"async\" src=\"https:\/\/dobrowolski.igf.edu.pl\/wp-content\/uploads\/2021\/09\/Andrzej-Pachuta-1-2.jpg\" alt=\"\"\/><\/a><\/figure>\n<\/div>\n\n\n\n<div class=\"wp-block-column is-layout-flow wp-block-column-is-layout-flow\">\n<figure class=\"wp-block-image size-large\"><a href=\"https:\/\/dobrowolski.igf.edu.pl\/wp-content\/uploads\/2021\/09\/Andrzej-Pachuta-2-2.jpg\"><img decoding=\"async\" src=\"https:\/\/dobrowolski.igf.edu.pl\/wp-content\/uploads\/2021\/09\/Andrzej-Pachuta-2-2.jpg\" alt=\"\"\/><\/a><\/figure>\n<\/div>\n<\/div>\n\n\n\n<div class=\"wp-block-columns is-layout-flex wp-container-core-columns-is-layout-8 wp-block-columns-is-layout-flex\">\n<div class=\"wp-block-column is-layout-flow wp-block-column-is-layout-flow\">\n<figure class=\"wp-block-image size-large\"><a href=\"https:\/\/dobrowolski.igf.edu.pl\/wp-content\/uploads\/2021\/09\/Andrzej-Pachuta-3-2.jpg\"><img decoding=\"async\" src=\"https:\/\/dobrowolski.igf.edu.pl\/wp-content\/uploads\/2021\/09\/Andrzej-Pachuta-3-2.jpg\" alt=\"\"\/><\/a><\/figure>\n<\/div>\n\n\n\n<div class=\"wp-block-column is-layout-flow wp-block-column-is-layout-flow\">\n<figure class=\"wp-block-image size-large\"><a href=\"https:\/\/dobrowolski.igf.edu.pl\/wp-content\/uploads\/2021\/09\/Maciej-Talalas-1-2.jpg\"><img decoding=\"async\" src=\"https:\/\/dobrowolski.igf.edu.pl\/wp-content\/uploads\/2021\/09\/Maciej-Talalas-1-2.jpg\" alt=\"\"\/><\/a><\/figure>\n<\/div>\n<\/div>\n\n\n\n<div class=\"wp-block-columns is-layout-flex wp-container-core-columns-is-layout-9 wp-block-columns-is-layout-flex\">\n<div class=\"wp-block-column is-layout-flow wp-block-column-is-layout-flow\">\n<figure class=\"wp-block-image size-large\"><a href=\"https:\/\/dobrowolski.igf.edu.pl\/wp-content\/uploads\/2021\/09\/Maciej-Talalas-2-2.jpg\"><img decoding=\"async\" src=\"https:\/\/dobrowolski.igf.edu.pl\/wp-content\/uploads\/2021\/09\/Maciej-Talalas-2-2.jpg\" alt=\"\"\/><\/a><\/figure>\n<\/div>\n\n\n\n<div class=\"wp-block-column is-layout-flow wp-block-column-is-layout-flow\">\n<figure class=\"wp-block-image size-large\"><a href=\"https:\/\/dobrowolski.igf.edu.pl\/wp-content\/uploads\/2021\/09\/Maciej-Talalas-3-3.jpg\"><img decoding=\"async\" src=\"https:\/\/dobrowolski.igf.edu.pl\/wp-content\/uploads\/2021\/09\/Maciej-Talalas-3-3.jpg\" alt=\"\"\/><\/a><\/figure>\n<\/div>\n<\/div>\n\n\n\n<div class=\"wp-block-columns is-layout-flex wp-container-core-columns-is-layout-10 wp-block-columns-is-layout-flex\">\n<div class=\"wp-block-column is-layout-flow wp-block-column-is-layout-flow\">\n<figure class=\"wp-block-image size-large\"><a href=\"https:\/\/dobrowolski.igf.edu.pl\/wp-content\/uploads\/2021\/09\/Maciej-Talalas-4-3.jpg\"><img decoding=\"async\" src=\"https:\/\/dobrowolski.igf.edu.pl\/wp-content\/uploads\/2021\/09\/Maciej-Talalas-4-3.jpg\" alt=\"\"\/><\/a><\/figure>\n<\/div>\n\n\n\n<div class=\"wp-block-column is-layout-flow wp-block-column-is-layout-flow\">\n<figure class=\"wp-block-image size-large\"><a href=\"https:\/\/dobrowolski.igf.edu.pl\/wp-content\/uploads\/2021\/09\/Maciej-Talalas-5-2.jpg\"><img decoding=\"async\" src=\"https:\/\/dobrowolski.igf.edu.pl\/wp-content\/uploads\/2021\/09\/Maciej-Talalas-5-2.jpg\" alt=\"\"\/><\/a><\/figure>\n<\/div>\n<\/div>\n\n\n\n<div class=\"wp-block-columns is-layout-flex wp-container-core-columns-is-layout-11 wp-block-columns-is-layout-flex\">\n<div class=\"wp-block-column is-layout-flow wp-block-column-is-layout-flow\">\n<figure class=\"wp-block-image size-large\"><a href=\"https:\/\/dobrowolski.igf.edu.pl\/wp-content\/uploads\/2021\/09\/Zbigniew-Battke-1-3.jpg\"><img decoding=\"async\" src=\"https:\/\/dobrowolski.igf.edu.pl\/wp-content\/uploads\/2021\/09\/Zbigniew-Battke-1-3.jpg\" alt=\"\"\/><\/a><\/figure>\n<\/div>\n\n\n\n<div class=\"wp-block-column is-layout-flow wp-block-column-is-layout-flow\">\n<figure class=\"wp-block-image size-large\"><a href=\"https:\/\/dobrowolski.igf.edu.pl\/wp-content\/uploads\/2021\/09\/Zbigniew-Battke-2-2.jpg\"><img decoding=\"async\" src=\"https:\/\/dobrowolski.igf.edu.pl\/wp-content\/uploads\/2021\/09\/Zbigniew-Battke-2-2.jpg\" alt=\"\"\/><\/a><\/figure>\n<\/div>\n<\/div>\n\n\n\n<div class=\"wp-block-columns is-layout-flex wp-container-core-columns-is-layout-12 wp-block-columns-is-layout-flex\">\n<div class=\"wp-block-column is-layout-flow wp-block-column-is-layout-flow\">\n<figure class=\"wp-block-image size-large\"><a href=\"https:\/\/dobrowolski.igf.edu.pl\/wp-content\/uploads\/2021\/09\/Zbigniew-Battke-3-2.jpg\"><img decoding=\"async\" src=\"https:\/\/dobrowolski.igf.edu.pl\/wp-content\/uploads\/2021\/09\/Zbigniew-Battke-3-2.jpg\" alt=\"\"\/><\/a><\/figure>\n<\/div>\n\n\n\n<div class=\"wp-block-column is-layout-flow wp-block-column-is-layout-flow\">\n<figure class=\"wp-block-image size-large\"><a href=\"https:\/\/dobrowolski.igf.edu.pl\/wp-content\/uploads\/2021\/09\/Zbigniew-Battke-4-2.jpg\"><img decoding=\"async\" src=\"https:\/\/dobrowolski.igf.edu.pl\/wp-content\/uploads\/2021\/09\/Zbigniew-Battke-4-2.jpg\" alt=\"\"\/><\/a><\/figure>\n<\/div>\n<\/div>\n","protected":false},"excerpt":{"rendered":"<p>Zdj\u0119cia z Oazy Bungera, wykonane podczas ostatniej IV Wyprawy Geofizycznej do Polskiej Stacji Antarktycznej im. A.B. Dobrowolskiego w sezonie 2021\/2022. Autor: dr Adam Nawrot. Fotografie, kt\u00f3re zosta\u0142y wykonane podczas Polskiej Wyprawy do Polskiej Stacji Antarktycznej im. A.B. Dobrowolskiego w sezonie 1978\/1979. Autorami zdj\u0119ciami s\u0105: Maciej Ta\u0142a\u0142as, Andrzej Pachuta i Zbigniew Battke.<\/p>\n","protected":false},"author":1,"featured_media":0,"parent":0,"menu_order":0,"comment_status":"closed","ping_status":"closed","template":"","meta":{"footnotes":""},"class_list":["post-55","page","type-page","status-publish","hentry"],"_links":{"self":[{"href":"https:\/\/dobrowolski.igf.edu.pl\/index.php?rest_route=\/wp\/v2\/pages\/55","targetHints":{"allow":["GET"]}}],"collection":[{"href":"https:\/\/dobrowolski.igf.edu.pl\/index.php?rest_route=\/wp\/v2\/pages"}],"about":[{"href":"https:\/\/dobrowolski.igf.edu.pl\/index.php?rest_route=\/wp\/v2\/types\/page"}],"author":[{"embeddable":true,"href":"https:\/\/dobrowolski.igf.edu.pl\/index.php?rest_route=\/wp\/v2\/users\/1"}],"replies":[{"embeddable":true,"href":"https:\/\/dobrowolski.igf.edu.pl\/index.php?rest_route=%2Fwp%2Fv2%2Fcomments&post=55"}],"version-history":[{"count":27,"href":"https:\/\/dobrowolski.igf.edu.pl\/index.php?rest_route=\/wp\/v2\/pages\/55\/revisions"}],"predecessor-version":[{"id":3583,"href":"https:\/\/dobrowolski.igf.edu.pl\/index.php?rest_route=\/wp\/v2\/pages\/55\/revisions\/3583"}],"wp:attachment":[{"href":"https:\/\/dobrowolski.igf.edu.pl\/index.php?rest_route=%2Fwp%2Fv2%2Fmedia&parent=55"}],"curies":[{"name":"wp","href":"https:\/\/api.w.org\/{rel}","templated":true}]}}