{"id":61,"date":"2021-08-13T11:54:21","date_gmt":"2021-08-13T11:54:21","guid":{"rendered":"https:\/\/dobrowolski.igf.edu.pl\/?page_id=61"},"modified":"2022-06-23T10:32:16","modified_gmt":"2022-06-23T10:32:16","slug":"ludzie","status":"publish","type":"page","link":"https:\/\/dobrowolski.igf.edu.pl\/?page_id=61","title":{"rendered":"2021\/2022"},"content":{"rendered":"\n<div class=\"wp-block-media-text alignwide is-stacked-on-mobile\" style=\"grid-template-columns:30% auto\"><figure class=\"wp-block-media-text__media\"><img loading=\"lazy\" decoding=\"async\" width=\"283\" height=\"283\" src=\"https:\/\/dobrowolski.igf.edu.pl\/wp-content\/uploads\/2021\/11\/PARE-Dobrowolski-logo-PL.jpg\" alt=\"PARE Dobrowolski logo PL\" class=\"wp-image-1603 size-medium\" srcset=\"https:\/\/dobrowolski.igf.edu.pl\/wp-content\/uploads\/2021\/11\/PARE-Dobrowolski-logo-PL.jpg 283w, https:\/\/dobrowolski.igf.edu.pl\/wp-content\/uploads\/2021\/11\/PARE-Dobrowolski-logo-PL-150x150.jpg 150w\" sizes=\"auto, (max-width: 283px) 100vw, 283px\" \/><\/figure><div class=\"wp-block-media-text__content\">\n<h2 class=\"wp-block-heading\"><strong>Uczestnicy 4. Wyprawy Geofizycznej do Polskiej Stacji Antarktycznej im. Antoniego Boles\u0142awa Dobrowolskiego<\/strong>:<\/h2>\n\n\n\n<p class=\"has-white-color has-text-color\">&#8230;<\/p>\n\n\n\n<p class=\"has-white-color has-text-color\">&#8230;..<\/p>\n<\/div><\/div>\n\n\n\n<div class=\"wp-block-media-text alignwide is-stacked-on-mobile\" style=\"grid-template-columns:30% auto\"><figure class=\"wp-block-media-text__media\"><img loading=\"lazy\" decoding=\"async\" width=\"300\" height=\"300\" src=\"https:\/\/dobrowolski.igf.edu.pl\/wp-content\/uploads\/2021\/11\/Marek-Lewandowski-1.png\" alt=\"Marek Lewandowski\" class=\"wp-image-1576 size-medium\" srcset=\"https:\/\/dobrowolski.igf.edu.pl\/wp-content\/uploads\/2021\/11\/Marek-Lewandowski-1.png 300w, https:\/\/dobrowolski.igf.edu.pl\/wp-content\/uploads\/2021\/11\/Marek-Lewandowski-1-150x150.png 150w\" sizes=\"auto, (max-width: 300px) 100vw, 300px\" \/><\/figure><div class=\"wp-block-media-text__content\">\n<p><strong>Prof. dr hab. Marek Lewandowski, IGF PAN<\/strong><\/p>\n\n\n\n<p>Geolog z wykszta\u0142cenia, geofizyk z zawodu, paleomagnetyk.<\/p>\n\n\n\n<p>Jego naukowym hobby jest historia systemu ziemskiego.<\/p>\n\n\n\n<p>Pomys\u0142odawca i kierownik projektu rewitalizacji Stacji A.B. Dobrowolskiego.<\/p>\n\n\n\n<p class=\"has-white-color has-text-color\">&#8230;<\/p>\n\n\n\n<p class=\"has-white-color has-text-color\">&#8230;..<\/p>\n<\/div><\/div>\n\n\n\n<div class=\"wp-block-media-text alignwide is-stacked-on-mobile\" style=\"grid-template-columns:30% auto\"><figure class=\"wp-block-media-text__media\"><img loading=\"lazy\" decoding=\"async\" width=\"748\" height=\"748\" src=\"https:\/\/dobrowolski.igf.edu.pl\/wp-content\/uploads\/2021\/11\/monika-kusiak.jpg\" alt=\"Monika A. Kusiak, IGF PAN\" class=\"wp-image-1159 size-medium\" srcset=\"https:\/\/dobrowolski.igf.edu.pl\/wp-content\/uploads\/2021\/11\/monika-kusiak.jpg 748w, https:\/\/dobrowolski.igf.edu.pl\/wp-content\/uploads\/2021\/11\/monika-kusiak-300x300.jpg 300w, https:\/\/dobrowolski.igf.edu.pl\/wp-content\/uploads\/2021\/11\/monika-kusiak-150x150.jpg 150w\" sizes=\"auto, (max-width: 748px) 100vw, 748px\" \/><\/figure><div class=\"wp-block-media-text__content\">\n<p><strong>Prof. dr hab. in\u017c. Monika A. Kusiak, IGF PAN<\/strong><\/p>\n\n\n\n<p>Geolog, geochemik izotopowy. <\/p>\n\n\n\n<p>Prowadzi badania pocz\u0105tk\u00f3w Ziemi, stosuj\u0105c r\u00f3\u017cnorodne techniki izotopowe na minera\u0142ach akcesorycznych. <\/p>\n\n\n\n<p>Wielokrotnie bra\u0142a udzia\u0142 w ekspedycjach polarnych m.in. na Antarktyd\u0119, Grenlandi\u0119, Labrador i Spitsbergen.<\/p>\n<\/div><\/div>\n\n\n\n<div class=\"wp-block-media-text alignwide is-stacked-on-mobile\" style=\"grid-template-columns:30% auto\"><figure class=\"wp-block-media-text__media\"><img loading=\"lazy\" decoding=\"async\" width=\"748\" height=\"748\" src=\"https:\/\/dobrowolski.igf.edu.pl\/wp-content\/uploads\/2021\/11\/adam-nawrot.jpg\" alt=\"Adam Nawrot, IGF PAN\" class=\"wp-image-1156 size-medium\" srcset=\"https:\/\/dobrowolski.igf.edu.pl\/wp-content\/uploads\/2021\/11\/adam-nawrot.jpg 748w, https:\/\/dobrowolski.igf.edu.pl\/wp-content\/uploads\/2021\/11\/adam-nawrot-300x300.jpg 300w, https:\/\/dobrowolski.igf.edu.pl\/wp-content\/uploads\/2021\/11\/adam-nawrot-150x150.jpg 150w\" sizes=\"auto, (max-width: 748px) 100vw, 748px\" \/><\/figure><div class=\"wp-block-media-text__content\">\n<p><strong>Dr Adam Nawrot, IGF PAN<\/strong><\/p>\n\n\n\n<p>Z zami\u0142owania polarnik i koneser dzikiej przyrody, z wykszta\u0142cenia geomorfolog. <\/p>\n\n\n\n<p>Jego zainteresowania koncentruj\u0105 si\u0119 na procesach kszta\u0142tuj\u0105cych powierzchni\u0119 Ziemi, przep\u0142ywie materii i bilansie wodnym zlewni arktycznych oraz wp\u0142ywie czynnik\u00f3w abiotycznych na ekosystemy g\u00f3rskie i polarne. <\/p>\n\n\n\n<p>Uczestnik wielu wypraw naukowych na Svalbard. Dwukrotnie zimowa\u0142 w Polskiej Stacji Polarnej Hornsund.<\/p>\n<\/div><\/div>\n\n\n\n<div class=\"wp-block-media-text alignwide is-stacked-on-mobile\" style=\"grid-template-columns:30% auto\"><figure class=\"wp-block-media-text__media\"><img loading=\"lazy\" decoding=\"async\" width=\"1024\" height=\"1024\" src=\"https:\/\/dobrowolski.igf.edu.pl\/wp-content\/uploads\/2021\/11\/wojciech-miloch-1024x1024.jpg\" alt=\"Prof. Wojciech Miloch, Uniwersytet w Oslo\" class=\"wp-image-1162 size-medium\" srcset=\"https:\/\/dobrowolski.igf.edu.pl\/wp-content\/uploads\/2021\/11\/wojciech-miloch-1024x1024.jpg 1024w, https:\/\/dobrowolski.igf.edu.pl\/wp-content\/uploads\/2021\/11\/wojciech-miloch-300x300.jpg 300w, https:\/\/dobrowolski.igf.edu.pl\/wp-content\/uploads\/2021\/11\/wojciech-miloch-150x150.jpg 150w, https:\/\/dobrowolski.igf.edu.pl\/wp-content\/uploads\/2021\/11\/wojciech-miloch-768x768.jpg 768w, https:\/\/dobrowolski.igf.edu.pl\/wp-content\/uploads\/2021\/11\/wojciech-miloch-1536x1536.jpg 1536w, https:\/\/dobrowolski.igf.edu.pl\/wp-content\/uploads\/2021\/11\/wojciech-miloch.jpg 1744w\" sizes=\"auto, (max-width: 1024px) 100vw, 1024px\" \/><\/figure><div class=\"wp-block-media-text__content\">\n<p><strong>Prof. Wojciech Miloch, UiO<\/strong><\/p>\n\n\n\n<p>Fizyk. Zajmuje si\u0119 fizyk\u0105 jonosfery i fizyk\u0105 plazmy. <\/p>\n\n\n\n<p>Od czasu studi\u00f3w zwi\u0105zany z obszarami polarnymi i eksploracj\u0105 kosmosu. Obecnie profesor na Uniwersytecie w Oslo w Norwegii, gdzie bada zorze polarne, dynamik\u0119 wy\u017cszej atmosfery. <\/p>\n\n\n\n<p>Prowadzi wiele projekt\u00f3w badawczych, w tym ERC Consolidator Grant dotycz\u0105cy pogody kosmicznej w rejonach polarnych. Uczestnik wielu wypraw do Arktyki i na Antarktyd\u0119.<\/p>\n<\/div><\/div>\n","protected":false},"excerpt":{"rendered":"<p>Uczestnicy 4. Wyprawy Geofizycznej do Polskiej Stacji Antarktycznej im. Antoniego Boles\u0142awa Dobrowolskiego: &#8230; &#8230;.. Prof. dr hab. Marek Lewandowski, IGF PAN Geolog z wykszta\u0142cenia, geofizyk z zawodu, paleomagnetyk. Jego naukowym hobby jest historia systemu ziemskiego. Pomys\u0142odawca i kierownik projektu rewitalizacji Stacji A.B. Dobrowolskiego. &#8230; &#8230;.. Prof. dr hab. in\u017c. Monika A. Kusiak, IGF PAN Geolog, [&hellip;]<\/p>\n","protected":false},"author":1,"featured_media":0,"parent":3277,"menu_order":1,"comment_status":"closed","ping_status":"closed","template":"","meta":{"footnotes":""},"class_list":["post-61","page","type-page","status-publish","hentry"],"_links":{"self":[{"href":"https:\/\/dobrowolski.igf.edu.pl\/index.php?rest_route=\/wp\/v2\/pages\/61","targetHints":{"allow":["GET"]}}],"collection":[{"href":"https:\/\/dobrowolski.igf.edu.pl\/index.php?rest_route=\/wp\/v2\/pages"}],"about":[{"href":"https:\/\/dobrowolski.igf.edu.pl\/index.php?rest_route=\/wp\/v2\/types\/page"}],"author":[{"embeddable":true,"href":"https:\/\/dobrowolski.igf.edu.pl\/index.php?rest_route=\/wp\/v2\/users\/1"}],"replies":[{"embeddable":true,"href":"https:\/\/dobrowolski.igf.edu.pl\/index.php?rest_route=%2Fwp%2Fv2%2Fcomments&post=61"}],"version-history":[{"count":34,"href":"https:\/\/dobrowolski.igf.edu.pl\/index.php?rest_route=\/wp\/v2\/pages\/61\/revisions"}],"predecessor-version":[{"id":3283,"href":"https:\/\/dobrowolski.igf.edu.pl\/index.php?rest_route=\/wp\/v2\/pages\/61\/revisions\/3283"}],"up":[{"embeddable":true,"href":"https:\/\/dobrowolski.igf.edu.pl\/index.php?rest_route=\/wp\/v2\/pages\/3277"}],"wp:attachment":[{"href":"https:\/\/dobrowolski.igf.edu.pl\/index.php?rest_route=%2Fwp%2Fv2%2Fmedia&parent=61"}],"curies":[{"name":"wp","href":"https:\/\/api.w.org\/{rel}","templated":true}]}}

<div class="wp-block-media-text alignwide is-stacked-on-mobile" style="grid-template-columns:30% auto"><figure class="wp-block-media-text__media"><img loading="lazy" decoding="async" width="283" height="283" src="https://dobrowolski.igf.edu.pl/wp-content/uploads/2021/11/PARE-Dobrowolski-logo-PL.jpg" alt="PARE Dobrowolski logo PL" class="wp-image-1603 size-medium" srcset="https://dobrowolski.igf.edu.pl/wp-content/uploads/2021/11/PARE-Dobrowolski-logo-PL.jpg 283w, https://dobrowolski.igf.edu.pl/wp-content/uploads/2021/11/PARE-Dobrowolski-logo-PL-150x150.jpg 150w" sizes="auto, (max-width: 283px) 100vw, 283px" /></figure><div class="wp-block-media-text__content">
<h2 class="wp-block-heading"><strong>Uczestnicy 4. Wyprawy Geofizycznej do Polskiej Stacji Antarktycznej im. Antoniego Bolesława Dobrowolskiego</strong>:</h2>



<p class="has-white-color has-text-color">&#8230;</p>



<p class="has-white-color has-text-color">&#8230;..</p>
</div></div>



<div class="wp-block-media-text alignwide is-stacked-on-mobile" style="grid-template-columns:30% auto"><figure class="wp-block-media-text__media"><img loading="lazy" decoding="async" width="300" height="300" src="https://dobrowolski.igf.edu.pl/wp-content/uploads/2021/11/Marek-Lewandowski-1.png" alt="Marek Lewandowski" class="wp-image-1576 size-medium" srcset="https://dobrowolski.igf.edu.pl/wp-content/uploads/2021/11/Marek-Lewandowski-1.png 300w, https://dobrowolski.igf.edu.pl/wp-content/uploads/2021/11/Marek-Lewandowski-1-150x150.png 150w" sizes="auto, (max-width: 300px) 100vw, 300px" /></figure><div class="wp-block-media-text__content">
<p><strong>Prof. dr hab. Marek Lewandowski, IGF PAN</strong></p>



<p>Geolog z wykształcenia, geofizyk z zawodu, paleomagnetyk.</p>



<p>Jego naukowym hobby jest historia systemu ziemskiego.</p>



<p>Pomysłodawca i kierownik projektu rewitalizacji Stacji A.B. Dobrowolskiego.</p>



<p class="has-white-color has-text-color">&#8230;</p>



<p class="has-white-color has-text-color">&#8230;..</p>
</div></div>



<div class="wp-block-media-text alignwide is-stacked-on-mobile" style="grid-template-columns:30% auto"><figure class="wp-block-media-text__media"><img loading="lazy" decoding="async" width="748" height="748" src="https://dobrowolski.igf.edu.pl/wp-content/uploads/2021/11/monika-kusiak.jpg" alt="Monika A. Kusiak, IGF PAN" class="wp-image-1159 size-medium" srcset="https://dobrowolski.igf.edu.pl/wp-content/uploads/2021/11/monika-kusiak.jpg 748w, https://dobrowolski.igf.edu.pl/wp-content/uploads/2021/11/monika-kusiak-300x300.jpg 300w, https://dobrowolski.igf.edu.pl/wp-content/uploads/2021/11/monika-kusiak-150x150.jpg 150w" sizes="auto, (max-width: 748px) 100vw, 748px" /></figure><div class="wp-block-media-text__content">
<p><strong>Prof. dr hab. inż. Monika A. Kusiak, IGF PAN</strong></p>



<p>Geolog, geochemik izotopowy. </p>



<p>Prowadzi badania początków Ziemi, stosując różnorodne techniki izotopowe na minerałach akcesorycznych. </p>



<p>Wielokrotnie brała udział w ekspedycjach polarnych m.in. na Antarktydę, Grenlandię, Labrador i Spitsbergen.</p>
</div></div>



<div class="wp-block-media-text alignwide is-stacked-on-mobile" style="grid-template-columns:30% auto"><figure class="wp-block-media-text__media"><img loading="lazy" decoding="async" width="748" height="748" src="https://dobrowolski.igf.edu.pl/wp-content/uploads/2021/11/adam-nawrot.jpg" alt="Adam Nawrot, IGF PAN" class="wp-image-1156 size-medium" srcset="https://dobrowolski.igf.edu.pl/wp-content/uploads/2021/11/adam-nawrot.jpg 748w, https://dobrowolski.igf.edu.pl/wp-content/uploads/2021/11/adam-nawrot-300x300.jpg 300w, https://dobrowolski.igf.edu.pl/wp-content/uploads/2021/11/adam-nawrot-150x150.jpg 150w" sizes="auto, (max-width: 748px) 100vw, 748px" /></figure><div class="wp-block-media-text__content">
<p><strong>Dr Adam Nawrot, IGF PAN</strong></p>



<p>Z zamiłowania polarnik i koneser dzikiej przyrody, z wykształcenia geomorfolog. </p>



<p>Jego zainteresowania koncentrują się na procesach kształtujących powierzchnię Ziemi, przepływie materii i bilansie wodnym zlewni arktycznych oraz wpływie czynników abiotycznych na ekosystemy górskie i polarne. </p>



<p>Uczestnik wielu wypraw naukowych na Svalbard. Dwukrotnie zimował w Polskiej Stacji Polarnej Hornsund.</p>
</div></div>



<div class="wp-block-media-text alignwide is-stacked-on-mobile" style="grid-template-columns:30% auto"><figure class="wp-block-media-text__media"><img loading="lazy" decoding="async" width="1024" height="1024" src="https://dobrowolski.igf.edu.pl/wp-content/uploads/2021/11/wojciech-miloch-1024x1024.jpg" alt="Prof. Wojciech Miloch, Uniwersytet w Oslo" class="wp-image-1162 size-medium" srcset="https://dobrowolski.igf.edu.pl/wp-content/uploads/2021/11/wojciech-miloch-1024x1024.jpg 1024w, https://dobrowolski.igf.edu.pl/wp-content/uploads/2021/11/wojciech-miloch-300x300.jpg 300w, https://dobrowolski.igf.edu.pl/wp-content/uploads/2021/11/wojciech-miloch-150x150.jpg 150w, https://dobrowolski.igf.edu.pl/wp-content/uploads/2021/11/wojciech-miloch-768x768.jpg 768w, https://dobrowolski.igf.edu.pl/wp-content/uploads/2021/11/wojciech-miloch-1536x1536.jpg 1536w, https://dobrowolski.igf.edu.pl/wp-content/uploads/2021/11/wojciech-miloch.jpg 1744w" sizes="auto, (max-width: 1024px) 100vw, 1024px" /></figure><div class="wp-block-media-text__content">
<p><strong>Prof. Wojciech Miloch, UiO</strong></p>



<p>Fizyk. Zajmuje się fizyką jonosfery i fizyką plazmy. </p>



<p>Od czasu studiów związany z obszarami polarnymi i eksploracją kosmosu. Obecnie profesor na Uniwersytecie w Oslo w Norwegii, gdzie bada zorze polarne, dynamikę wyższej atmosfery. </p>



<p>Prowadzi wiele projektów badawczych, w tym ERC Consolidator Grant dotyczący pogody kosmicznej w rejonach polarnych. Uczestnik wielu wypraw do Arktyki i na Antarktydę.</p>
</div></div>

<p>Uczestnicy 4. Wyprawy Geofizycznej do Polskiej Stacji Antarktycznej im. Antoniego Bolesława Dobrowolskiego: &#8230; &#8230;.. Prof. dr hab. Marek Lewandowski, IGF PAN Geolog z wykształcenia, geofizyk z zawodu, paleomagnetyk. Jego naukowym hobby jest historia systemu ziemskiego. Pomysłodawca i kierownik projektu rewitalizacji Stacji A.B. Dobrowolskiego. &#8230; &#8230;.. Prof. dr hab. inż. Monika A. Kusiak, IGF PAN Geolog, [&hellip;]</p>
